{"id":1005,"date":"2025-02-23T10:51:01","date_gmt":"2025-02-23T09:51:01","guid":{"rendered":"https:\/\/quentin-rattez.fr\/?page_id=1005"},"modified":"2025-09-16T09:37:56","modified_gmt":"2025-09-16T07:37:56","slug":"ateliers-et-formations-de-magnetisme","status":"publish","type":"page","link":"https:\/\/quentin-rattez.fr\/?page_id=1005","title":{"rendered":"Formations"},"content":{"rendered":"\t\t<div data-elementor-type=\"wp-page\" data-elementor-id=\"1005\" class=\"elementor elementor-1005\">\n\t\t\t\t<div class=\"elementor-element elementor-element-fdc2dc4 e-flex e-con-boxed e-con e-parent\" data-id=\"fdc2dc4\" data-element_type=\"container\">\n\t\t\t\t\t<div class=\"e-con-inner\">\n\t\t\t\t<div class=\"elementor-element elementor-element-c6c576b elementor-widget elementor-widget-heading\" data-id=\"c6c576b\" data-element_type=\"widget\" data-widget_type=\"heading.default\">\n\t\t\t\t<div class=\"elementor-widget-container\">\n\t\t\t<h2 class=\"elementor-heading-title elementor-size-default\">Ateliers et formations de magn\u00e9tisme<\/h2>\t\t<\/div>\n\t\t\t\t<\/div>\n\t\t\t\t\t<\/div>\n\t\t\t\t<\/div>\n\t\t<div class=\"elementor-element elementor-element-751a414 e-con-full e-flex e-con e-parent\" data-id=\"751a414\" data-element_type=\"container\">\n\t\t<div class=\"elementor-element elementor-element-fa642dc e-con-full e-flex e-con e-child\" data-id=\"fa642dc\" data-element_type=\"container\">\n\t\t\t\t<div class=\"elementor-element elementor-element-1e6dad9 elementor-widget elementor-widget-text-editor\" data-id=\"1e6dad9\" data-element_type=\"widget\" data-widget_type=\"text-editor.default\">\n\t\t\t\t<div class=\"elementor-widget-container\">\n\t\t\t\t\t\t\t<p>J&rsquo;anime des ateliers et formations \u00a0de magn\u00e9tisme :<\/p><ul><li><a href=\"https:\/\/quentin-rattez.fr\/?page_id=14\">Des \u00ab\u00a0ateliers du corps &amp; de l&rsquo;\u00e2me\u00a0\u00bb<\/a><\/li><\/ul><p>Chaque atelier est soigneusement \u00e9labor\u00e9 pour vous permettre de d\u00e9couvrir, exp\u00e9rimenter ou perfectionner diff\u00e9rents aspects de l&rsquo;\u00e9nerg\u00e9tique. Les apports th\u00e9oriques sont accompagn\u00e9s de pratiques et de mises en situations. Cela aide \u00e0 ressentir, facilite les prises de conscience et am\u00e9liore l&rsquo;int\u00e9gration des transmissions.\u00a0<\/p><p>Les groupes sont \u00e0 taille humaine. Ils sont riches de vos histoires, de vos parcours, de vos aptitudes et de vos personnalit\u00e9s. Gr\u00e2ce \u00e0 cela chaque journ\u00e9e est unique. \u00a0\u00a0<\/p><ul><li>Des <a href=\"https:\/\/quentin-rattez.fr\/?page_id=837\">transmissions LaHoChi<\/a><\/li><\/ul><p>C&rsquo;est une technique id\u00e9ale pour d\u00e9buter l&rsquo;\u00e9nerg\u00e9tique sur soi puis sur autrui ; apprendre en faisant \u00e0 partir d&rsquo;un protocole simple mais efficace ; r\u00e9aliser des \u00ab\u00a0nettoyages\u00a0\u00bb pour accompagner des lib\u00e9rations sur diff\u00e9rents plans (mental, \u00e9motionnel, physique, spirituel). P<span style=\"font-family: Glory, Glory; font-size: 17px; font-style: normal; font-variant-caps: normal; text-align: var(--text-align);\">our certains, c<\/span><span style=\"font-size: 17px; text-align: var(--text-align);\">ela peut aussi \u00eatre une mani\u00e8re de r\u00e9aliser une \u00ab\u00a0hygi\u00e8ne \u00e9nerg\u00e9tique\u00a0\u00bb de tous les jours.\u00a0<\/span><\/p><p>Les<a href=\"https:\/\/quentin-rattez.fr\/?post_type=tribe_events\"> dates des diff\u00e9rentes journ\u00e9es sont disponibles ici<\/a>.\u00a0<\/p>\t\t\t\t\t\t<\/div>\n\t\t\t\t<\/div>\n\t\t\t\t<\/div>\n\t\t<div class=\"elementor-element elementor-element-29b6b27 e-con-full e-flex e-con e-child\" data-id=\"29b6b27\" data-element_type=\"container\">\n\t\t\t\t<div class=\"elementor-element elementor-element-3f9efe8 elementor-widget__width-inherit elementor-widget elementor-widget-image\" data-id=\"3f9efe8\" data-element_type=\"widget\" data-widget_type=\"image.default\">\n\t\t\t\t<div class=\"elementor-widget-container\">\n\t\t\t\t\t\t\t\t\t\t<figure class=\"wp-caption\">\n\t\t\t\t\t\t\t\t\t\t\t<a href=\"https:\/\/quentin-rattez.fr\/?post_type=tribe_events\">\n\t\t\t\t\t\t\t<img fetchpriority=\"high\" decoding=\"async\" width=\"500\" height=\"500\" src=\"https:\/\/quentin-rattez.fr\/wp-content\/uploads\/2025\/09\/jeune-Arbre-pousse-image-.webp\" class=\"attachment-medium_large size-medium_large wp-image-2056\" alt=\"Ateliers et formations de magn\u00e9tisme en Vend\u00e9e\" srcset=\"https:\/\/quentin-rattez.fr\/wp-content\/uploads\/2025\/09\/jeune-Arbre-pousse-image-.webp 500w, https:\/\/quentin-rattez.fr\/wp-content\/uploads\/2025\/09\/jeune-Arbre-pousse-image--300x300.webp 300w, https:\/\/quentin-rattez.fr\/wp-content\/uploads\/2025\/09\/jeune-Arbre-pousse-image--150x150.webp 150w\" sizes=\"(max-width: 500px) 100vw, 500px\" \/>\t\t\t\t\t\t\t\t<\/a>\n\t\t\t\t\t\t\t\t\t\t\t<figcaption class=\"widget-image-caption wp-caption-text\"><\/figcaption>\n\t\t\t\t\t\t\t\t\t\t<\/figure>\n\t\t\t\t\t\t\t<\/div>\n\t\t\t\t<\/div>\n\t\t\t\t<\/div>\n\t\t\t\t<\/div>\n\t\t\t\t<\/div>\n\t\t","protected":false},"excerpt":{"rendered":"<p>Ateliers et formations de magn\u00e9tisme J&rsquo;anime des ateliers et formations \u00a0de magn\u00e9tisme : Des \u00ab\u00a0ateliers du corps &amp; de l&rsquo;\u00e2me\u00a0\u00bb Chaque atelier est soigneusement \u00e9labor\u00e9 pour vous permettre de d\u00e9couvrir, [&hellip;]<\/p>\n","protected":false},"author":1,"featured_media":0,"parent":0,"menu_order":0,"comment_status":"closed","ping_status":"closed","template":"","meta":{"ocean_post_layout":"","ocean_both_sidebars_style":"","ocean_both_sidebars_content_width":0,"ocean_both_sidebars_sidebars_width":0,"ocean_sidebar":"","ocean_second_sidebar":"","ocean_disable_margins":"enable","ocean_add_body_class":"","ocean_shortcode_before_top_bar":"","ocean_shortcode_after_top_bar":"","ocean_shortcode_before_header":"","ocean_shortcode_after_header":"","ocean_has_shortcode":"","ocean_shortcode_after_title":"","ocean_shortcode_before_footer_widgets":"","ocean_shortcode_after_footer_widgets":"","ocean_shortcode_before_footer_bottom":"","ocean_shortcode_after_footer_bottom":"","ocean_display_top_bar":"default","ocean_display_header":"default","ocean_header_style":"","ocean_center_header_left_menu":"","ocean_custom_header_template":"","ocean_custom_logo":0,"ocean_custom_retina_logo":0,"ocean_custom_logo_max_width":0,"ocean_custom_logo_tablet_max_width":0,"ocean_custom_logo_mobile_max_width":0,"ocean_custom_logo_max_height":0,"ocean_custom_logo_tablet_max_height":0,"ocean_custom_logo_mobile_max_height":0,"ocean_header_custom_menu":"","ocean_menu_typo_font_family":"","ocean_menu_typo_font_subset":"","ocean_menu_typo_font_size":0,"ocean_menu_typo_font_size_tablet":0,"ocean_menu_typo_font_size_mobile":0,"ocean_menu_typo_font_size_unit":"px","ocean_menu_typo_font_weight":"","ocean_menu_typo_font_weight_tablet":"","ocean_menu_typo_font_weight_mobile":"","ocean_menu_typo_transform":"","ocean_menu_typo_transform_tablet":"","ocean_menu_typo_transform_mobile":"","ocean_menu_typo_line_height":0,"ocean_menu_typo_line_height_tablet":0,"ocean_menu_typo_line_height_mobile":0,"ocean_menu_typo_line_height_unit":"","ocean_menu_typo_spacing":0,"ocean_menu_typo_spacing_tablet":0,"ocean_menu_typo_spacing_mobile":0,"ocean_menu_typo_spacing_unit":"","ocean_menu_link_color":"","ocean_menu_link_color_hover":"","ocean_menu_link_color_active":"","ocean_menu_link_background":"","ocean_menu_link_hover_background":"","ocean_menu_link_active_background":"","ocean_menu_social_links_bg":"","ocean_menu_social_hover_links_bg":"","ocean_menu_social_links_color":"","ocean_menu_social_hover_links_color":"","ocean_disable_title":"default","ocean_disable_heading":"default","ocean_post_title":"","ocean_post_subheading":"","ocean_post_title_style":"","ocean_post_title_background_color":"","ocean_post_title_background":0,"ocean_post_title_bg_image_position":"","ocean_post_title_bg_image_attachment":"","ocean_post_title_bg_image_repeat":"","ocean_post_title_bg_image_size":"","ocean_post_title_height":0,"ocean_post_title_bg_overlay":0.5,"ocean_post_title_bg_overlay_color":"","ocean_disable_breadcrumbs":"default","ocean_breadcrumbs_color":"","ocean_breadcrumbs_separator_color":"","ocean_breadcrumbs_links_color":"","ocean_breadcrumbs_links_hover_color":"","ocean_display_footer_widgets":"default","ocean_display_footer_bottom":"default","ocean_custom_footer_template":"","footnotes":""},"class_list":["post-1005","page","type-page","status-publish","hentry","entry"],"yoast_head":"<!-- This site is optimized with the Yoast SEO plugin v25.8 - https:\/\/yoast.com\/wordpress\/plugins\/seo\/ -->\n<title>Ateliers et formations de magn\u00e9tisme en Vend\u00e9e<\/title>\n<meta name=\"description\" content=\"J&#039;anime des ateliers et formations de magn\u00e9tisme en Vend\u00e9e pour apprendre les soins \u00e9nerg\u00e9tiques avec beaucoup de mises en situations.\" \/>\n<meta name=\"robots\" content=\"index, follow, max-snippet:-1, max-image-preview:large, max-video-preview:-1\" \/>\n<link rel=\"canonical\" href=\"https:\/\/quentin-rattez.fr\/?page_id=1005\" \/>\n<meta property=\"og:locale\" content=\"fr_FR\" \/>\n<meta property=\"og:type\" content=\"article\" \/>\n<meta property=\"og:title\" content=\"Ateliers et formations de magn\u00e9tisme en Vend\u00e9e\" \/>\n<meta property=\"og:description\" content=\"J&#039;anime des ateliers et formations de magn\u00e9tisme en Vend\u00e9e pour apprendre les soins \u00e9nerg\u00e9tiques avec beaucoup de mises en situations.\" \/>\n<meta property=\"og:url\" content=\"https:\/\/quentin-rattez.fr\/?page_id=1005\" \/>\n<meta property=\"og:site_name\" content=\"Quentin Rattez - Magn\u00e9tiseur\" \/>\n<meta property=\"article:modified_time\" content=\"2025-09-16T07:37:56+00:00\" \/>\n<meta property=\"og:image\" content=\"https:\/\/quentin-rattez.fr\/wp-content\/uploads\/2025\/09\/jeune-Arbre-pousse-image-.webp\" \/>\n\t<meta property=\"og:image:width\" content=\"500\" \/>\n\t<meta property=\"og:image:height\" content=\"500\" \/>\n\t<meta property=\"og:image:type\" content=\"image\/webp\" \/>\n<meta name=\"twitter:card\" content=\"summary_large_image\" \/>\n<meta name=\"twitter:label1\" content=\"Dur\u00e9e de lecture estim\u00e9e\" \/>\n\t<meta name=\"twitter:data1\" content=\"1 minute\" \/>\n<script type=\"application\/ld+json\" class=\"yoast-schema-graph\">{\"@context\":\"https:\/\/schema.org\",\"@graph\":[{\"@type\":\"WebPage\",\"@id\":\"https:\/\/quentin-rattez.fr\/?page_id=1005\",\"url\":\"https:\/\/quentin-rattez.fr\/?page_id=1005\",\"name\":\"Ateliers et formations de magn\u00e9tisme en Vend\u00e9e\",\"isPartOf\":{\"@id\":\"https:\/\/quentin-rattez.fr\/#website\"},\"primaryImageOfPage\":{\"@id\":\"https:\/\/quentin-rattez.fr\/?page_id=1005#primaryimage\"},\"image\":{\"@id\":\"https:\/\/quentin-rattez.fr\/?page_id=1005#primaryimage\"},\"thumbnailUrl\":\"http:\/\/quentin-rattez.fr\/wp-content\/uploads\/2025\/09\/jeune-Arbre-pousse-image-.webp\",\"datePublished\":\"2025-02-23T09:51:01+00:00\",\"dateModified\":\"2025-09-16T07:37:56+00:00\",\"description\":\"J'anime des ateliers et formations de magn\u00e9tisme en Vend\u00e9e pour apprendre les soins \u00e9nerg\u00e9tiques avec beaucoup de mises en situations.\",\"breadcrumb\":{\"@id\":\"https:\/\/quentin-rattez.fr\/?page_id=1005#breadcrumb\"},\"inLanguage\":\"fr-FR\",\"potentialAction\":[{\"@type\":\"ReadAction\",\"target\":[\"https:\/\/quentin-rattez.fr\/?page_id=1005\"]}]},{\"@type\":\"ImageObject\",\"inLanguage\":\"fr-FR\",\"@id\":\"https:\/\/quentin-rattez.fr\/?page_id=1005#primaryimage\",\"url\":\"https:\/\/quentin-rattez.fr\/wp-content\/uploads\/2025\/09\/jeune-Arbre-pousse-image-.webp\",\"contentUrl\":\"https:\/\/quentin-rattez.fr\/wp-content\/uploads\/2025\/09\/jeune-Arbre-pousse-image-.webp\",\"width\":500,\"height\":500,\"caption\":\"Ateliers et formations de magn\u00e9tisme en Vend\u00e9e\"},{\"@type\":\"BreadcrumbList\",\"@id\":\"https:\/\/quentin-rattez.fr\/?page_id=1005#breadcrumb\",\"itemListElement\":[{\"@type\":\"ListItem\",\"position\":1,\"name\":\"Accueil\",\"item\":\"https:\/\/quentin-rattez.fr\/\"},{\"@type\":\"ListItem\",\"position\":2,\"name\":\"Formations\"}]},{\"@type\":\"WebSite\",\"@id\":\"https:\/\/quentin-rattez.fr\/#website\",\"url\":\"https:\/\/quentin-rattez.fr\/\",\"name\":\"Quentin Rattez - Magn\u00e9tiseur\",\"description\":\"Accompagner le vivant en chacun de nous\",\"publisher\":{\"@id\":\"https:\/\/quentin-rattez.fr\/#organization\"},\"potentialAction\":[{\"@type\":\"SearchAction\",\"target\":{\"@type\":\"EntryPoint\",\"urlTemplate\":\"https:\/\/quentin-rattez.fr\/?s={search_term_string}\"},\"query-input\":{\"@type\":\"PropertyValueSpecification\",\"valueRequired\":true,\"valueName\":\"search_term_string\"}}],\"inLanguage\":\"fr-FR\"},{\"@type\":\"Organization\",\"@id\":\"https:\/\/quentin-rattez.fr\/#organization\",\"name\":\"Quentin Rattez - Magn\u00e9tiseur\",\"url\":\"https:\/\/quentin-rattez.fr\/\",\"logo\":{\"@type\":\"ImageObject\",\"inLanguage\":\"fr-FR\",\"@id\":\"https:\/\/quentin-rattez.fr\/#\/schema\/logo\/image\/\",\"url\":\"https:\/\/quentin-rattez.fr\/wp-content\/uploads\/2025\/09\/cropped-Logo-Montagne-AP.png\",\"contentUrl\":\"https:\/\/quentin-rattez.fr\/wp-content\/uploads\/2025\/09\/cropped-Logo-Montagne-AP.png\",\"width\":500,\"height\":496,\"caption\":\"Quentin Rattez - Magn\u00e9tiseur\"},\"image\":{\"@id\":\"https:\/\/quentin-rattez.fr\/#\/schema\/logo\/image\/\"}}]}<\/script>\n<!-- \/ Yoast SEO plugin. -->","yoast_head_json":{"title":"Ateliers et formations de magn\u00e9tisme en Vend\u00e9e","description":"J'anime des ateliers et formations de magn\u00e9tisme en Vend\u00e9e pour apprendre les soins \u00e9nerg\u00e9tiques avec beaucoup de mises en situations.","robots":{"index":"index","follow":"follow","max-snippet":"max-snippet:-1","max-image-preview":"max-image-preview:large","max-video-preview":"max-video-preview:-1"},"canonical":"https:\/\/quentin-rattez.fr\/?page_id=1005","og_locale":"fr_FR","og_type":"article","og_title":"Ateliers et formations de magn\u00e9tisme en Vend\u00e9e","og_description":"J'anime des ateliers et formations de magn\u00e9tisme en Vend\u00e9e pour apprendre les soins \u00e9nerg\u00e9tiques avec beaucoup de mises en situations.","og_url":"https:\/\/quentin-rattez.fr\/?page_id=1005","og_site_name":"Quentin Rattez - Magn\u00e9tiseur","article_modified_time":"2025-09-16T07:37:56+00:00","og_image":[{"width":500,"height":500,"url":"https:\/\/quentin-rattez.fr\/wp-content\/uploads\/2025\/09\/jeune-Arbre-pousse-image-.webp","type":"image\/webp"}],"twitter_card":"summary_large_image","twitter_misc":{"Dur\u00e9e de lecture estim\u00e9e":"1 minute"},"schema":{"@context":"https:\/\/schema.org","@graph":[{"@type":"WebPage","@id":"https:\/\/quentin-rattez.fr\/?page_id=1005","url":"https:\/\/quentin-rattez.fr\/?page_id=1005","name":"Ateliers et formations de magn\u00e9tisme en Vend\u00e9e","isPartOf":{"@id":"https:\/\/quentin-rattez.fr\/#website"},"primaryImageOfPage":{"@id":"https:\/\/quentin-rattez.fr\/?page_id=1005#primaryimage"},"image":{"@id":"https:\/\/quentin-rattez.fr\/?page_id=1005#primaryimage"},"thumbnailUrl":"http:\/\/quentin-rattez.fr\/wp-content\/uploads\/2025\/09\/jeune-Arbre-pousse-image-.webp","datePublished":"2025-02-23T09:51:01+00:00","dateModified":"2025-09-16T07:37:56+00:00","description":"J'anime des ateliers et formations de magn\u00e9tisme en Vend\u00e9e pour apprendre les soins \u00e9nerg\u00e9tiques avec beaucoup de mises en situations.","breadcrumb":{"@id":"https:\/\/quentin-rattez.fr\/?page_id=1005#breadcrumb"},"inLanguage":"fr-FR","potentialAction":[{"@type":"ReadAction","target":["https:\/\/quentin-rattez.fr\/?page_id=1005"]}]},{"@type":"ImageObject","inLanguage":"fr-FR","@id":"https:\/\/quentin-rattez.fr\/?page_id=1005#primaryimage","url":"https:\/\/quentin-rattez.fr\/wp-content\/uploads\/2025\/09\/jeune-Arbre-pousse-image-.webp","contentUrl":"https:\/\/quentin-rattez.fr\/wp-content\/uploads\/2025\/09\/jeune-Arbre-pousse-image-.webp","width":500,"height":500,"caption":"Ateliers et formations de magn\u00e9tisme en Vend\u00e9e"},{"@type":"BreadcrumbList","@id":"https:\/\/quentin-rattez.fr\/?page_id=1005#breadcrumb","itemListElement":[{"@type":"ListItem","position":1,"name":"Accueil","item":"https:\/\/quentin-rattez.fr\/"},{"@type":"ListItem","position":2,"name":"Formations"}]},{"@type":"WebSite","@id":"https:\/\/quentin-rattez.fr\/#website","url":"https:\/\/quentin-rattez.fr\/","name":"Quentin Rattez - Magn\u00e9tiseur","description":"Accompagner le vivant en chacun de nous","publisher":{"@id":"https:\/\/quentin-rattez.fr\/#organization"},"potentialAction":[{"@type":"SearchAction","target":{"@type":"EntryPoint","urlTemplate":"https:\/\/quentin-rattez.fr\/?s={search_term_string}"},"query-input":{"@type":"PropertyValueSpecification","valueRequired":true,"valueName":"search_term_string"}}],"inLanguage":"fr-FR"},{"@type":"Organization","@id":"https:\/\/quentin-rattez.fr\/#organization","name":"Quentin Rattez - Magn\u00e9tiseur","url":"https:\/\/quentin-rattez.fr\/","logo":{"@type":"ImageObject","inLanguage":"fr-FR","@id":"https:\/\/quentin-rattez.fr\/#\/schema\/logo\/image\/","url":"https:\/\/quentin-rattez.fr\/wp-content\/uploads\/2025\/09\/cropped-Logo-Montagne-AP.png","contentUrl":"https:\/\/quentin-rattez.fr\/wp-content\/uploads\/2025\/09\/cropped-Logo-Montagne-AP.png","width":500,"height":496,"caption":"Quentin Rattez - Magn\u00e9tiseur"},"image":{"@id":"https:\/\/quentin-rattez.fr\/#\/schema\/logo\/image\/"}}]}},"_links":{"self":[{"href":"https:\/\/quentin-rattez.fr\/index.php?rest_route=\/wp\/v2\/pages\/1005","targetHints":{"allow":["GET"]}}],"collection":[{"href":"https:\/\/quentin-rattez.fr\/index.php?rest_route=\/wp\/v2\/pages"}],"about":[{"href":"https:\/\/quentin-rattez.fr\/index.php?rest_route=\/wp\/v2\/types\/page"}],"author":[{"embeddable":true,"href":"https:\/\/quentin-rattez.fr\/index.php?rest_route=\/wp\/v2\/users\/1"}],"replies":[{"embeddable":true,"href":"https:\/\/quentin-rattez.fr\/index.php?rest_route=%2Fwp%2Fv2%2Fcomments&post=1005"}],"version-history":[{"count":157,"href":"https:\/\/quentin-rattez.fr\/index.php?rest_route=\/wp\/v2\/pages\/1005\/revisions"}],"predecessor-version":[{"id":2123,"href":"https:\/\/quentin-rattez.fr\/index.php?rest_route=\/wp\/v2\/pages\/1005\/revisions\/2123"}],"wp:attachment":[{"href":"https:\/\/quentin-rattez.fr\/index.php?rest_route=%2Fwp%2Fv2%2Fmedia&parent=1005"}],"curies":[{"name":"wp","href":"https:\/\/api.w.org\/{rel}","templated":true}]}}